uppose 22*f = -k*f. Let g(y) = y**2 + 2*y - 3. Calculate g(f).
-3
Let o(q) = 9*q - 151. Let b be o(18). Let v(j) = -b + j - j + 7 + 3*j. Give v(2).
2
Let c(i) be the first derivative of i**6/120 - 3*i**5/20 - i**4/12 + 3*i**3 - 143*i**2/2 + 145. Let d(o) be the second derivative of c(o). What is d(9)?
0
Let j = -69 + 71. Suppose -4 = -3*r - j*v, -2*r + 4*v + 1 = 5*v. Let f(a) = a - 2. Calculate f(r).
-4
Let x = -9 + 11. Let h(k) = -10*k**2 - 5*k - 15. Let z(i) = 2*i**2 + 2*i + 3. Let s(q) = h(q) + 4*z(q). Determine s(x).
-5
Suppose 3*c - 2218 = -2212. Let p(n) be the second derivative of -1/6*n**3 - n**2 + 2*n + 0. Calculate p(c).
-4
Let g be (-7)/(-30) - 6/45. Let t(c) be the second derivative of -3*c + 0*c**4 + 0 - g*c**5 + 1/6*c**3 + 1/2*c**2. What is t(-2)?
15
Let l(f) = f**2 + 8*f + 5. Let p = -137 + 137. Suppose p = -8*a + 13*a + 20. Calculate l(a).
-11
Let n(z) be the third derivative of -z**4/24 + z**3/2 - z**2. Let r(d) = -433*d**2 - 438*d - 5. Let v be r(-1). Determine n(v).
3
Suppose 5*b + 2*f = 16, -2*f - 18 = -5*b + 6. Let n(u) = 81907*u - 81902*u - 3 + u**2 - b. What is n(-5)?
-7
Let x(u) be the first derivative of -u**7/840 + 7*u**6/360 + u**5/15 + u**4/3 - 19*u**3/3 + 2*u**2 + 181. Let f(t) be the third derivative of x(t). Give f(8).
8
Suppose -3*d - 33 = -5*v, d = v - 2*d - 9. Let o(n) = 2*n - 2*n + v*n - n**3 + 7*n**2 + 3 + n. Calculate o(8).
-5
Let q(k) = -k**3 + 5*k**2 + 7*k - 8. Let l = 84 + -64. Suppose z = -3*z + 5*s + 14, s - l = -3*z. Calculate q(z).
-2
Let g(r) be the second derivative of -5*r**4/24 + 4*r**3/3 + 49*r**2/2 - 5*r. Let m(u) be the first derivative of g(u). Suppose -4*q + 6*q = 12. Calculate m(q).
-22
Let r = -7 + 14. Let k be ((-5 - -3) + 1)/((-1)/r). Let h(l) = -26 - k*l + 21 + 5*l. Give h(-5).
5
Let t(c) = -24 - 7522*c + 3777*c + 3744*c. Give t(5).
-29
Let y(g) = g**2 + 4*g + 4. Let c be y(0). Let b be -1 + c - 5/(7 - 12). Let m(i) be the third derivative of i**4/24 + i**2. Determine m(b).
4
Let j = -299 - -272. Let g = -26 - j. Let c(z) = -7*z. Let i(d) = 3*d. Let w(q) = -4*c(q) - 9*i(q). Give w(g).
1
Let y = -40 + 44. Let g be ((-6)/y)/((-6)/8). Let c(z) = -z**2 + 0*z**2 + 0*z**g. Determine c(3).
-9
Let q(i) = -2*i - 7*i**3 - 4 + 16*i - 13*i**2 + 16*i**3 - 4 - 10*i**3. What is q(-14)?
-8
Let m(h) = -3*h**2 - 13*h + 29. Let u(j) = 5*j**2 + 13*j - 29. Let w(t) = 3*m(t) + 2*u(t). Let b be w(4). Let n(k) = -k**2 - 12*k - 8. Give n(b).
27
Let y(z) = z**3 - 8*z**2 + 10*z + 15. Let h be y(6). Let q(f) = 8*f**3 - 8 + 0*f + h*f - 7*f**3 + 2*f + 7*f**2. What is q(-6)?
-2
Let y(d) be the second derivative of 0 + 1/2*d**2 - 81*d + 7/6*d**3 + 1/12*d**4. Suppose b = -3*b - 20. What is y(b)?
-9
Let w = 27460 - 27445. Let i(l) = -l**3 + 14*l**2 + 22*l - 16. What is i(w)?
89
Let m(t) = 3*t**2 - t + 7. Let j(x) = -7*x**2 - x - 16. Let q(c) = 2*j(c) + 4*m(c). Determine q(-5).
-24
Let z(w) = -5*w**2 - 88*w - 65. Let m(c) = 2*c**2 + 44*c + 33. Let a(y) = -9*m(y) - 4*z(y). Determine a(23).
9
Let a be (23 - 25) + 4/2. Let v(z) be the third derivative of 1/30*z**5 + 0*z**4 + 0 - 19*z**2 + 0*z + a*z**3. Give v(1).
2
Let l(k) = -k**3 - 4 + 5*k + 3 + 6*k + 6*k**2 - 22*k + 6*k. Determine l(5).
-1
Let v = -43 + 46. Let p(k) = v + 51*k + 1 - 46*k. Suppose 5*m + 32 = 7. Give p(m).
-21
Let h(w) = -2*w + 15. Let k(a) be the third derivative of -5*a**4/12 - 10*a**3/3 + a**2. Let n be 3*((-2)/(-10))/(2 + 99/(-45)). Let t be k(n). Give h(t).
-5
Let j(h) = -h**2 + 3*h - 1. Suppose -2*v + 5*z = 1, z - 7 = -3*v - 0*v. Let m be v/6 + (-70)/(-15). Calculate j(m).
-11
Suppose -4 = 5*q + k, -3*k - 7 - 5 = -2*q. Let b(t) = t**3 + t**2 + t + 2. Let d be b(q). Let f be -1*d - (-21 - -20). Let r(g) = g**2 - 2*g - 1. What is r(f)?
2
Let p(n) be the third derivative of -1/12*n**4 + 5/6*n**3 + 6*n**2 + n + 0. Let b be (10/(-4))/(2/(-4)). Calculate p(b).
-5
Let j(p) = -p**3 - 21*p**2 - 23*p - 50. Let a be j(-20). Let l(t) = 10 - 873*t**3 + 1746*t**3 - a*t**2 - 872*t**3 + 3*t. What is l(9)?
-44
Let r(t) = -2*t - 37. Let b(v) = -v**3 + 23*v**2 + 72*v - 560. Let i be b(25). Determine r(i).
-17
Let g = 55 - 67. Let s be (4/3)/((-2)/g). Let c(f) = f**3 - 7*f**2 - 7*f - 8. Calculate c(s).
0
Let z(o) = -2*o + 1. Let d be 14/(-8) - 39542/(-136). Let n = d - 292. Determine z(n).
7
Let d(l) = l**3 + 9*l**2 + 8*l + 8. Let u be d(-8). Let s(b) = -b + 6. Let f(z) = -9*z + 48. Let n(t) = -f(t) + 6*s(t). What is n(u)?
12
Let z(q) be the first derivative of q**2/2 + 4*q - 102. Let m(g) = -g**3 + 8*g**2 - 9*g + 10. Suppose 0*x - 2*x + 14 = 0. Let o be m(x). Calculate z(o).
0
Suppose 0 = 541*w - 536*w - 70. Let t(q) = 14 + 19 + q - w. Calculate t(-8).
11
Let a(o) = o**3 - 9*o**2 + o - 5. Let z be ((-284)/(-213))/((-2)/(-12)). What is a(z)?
-61
Let t(o) = o**3 - 8*o**2 + 11*o - 27. Suppose -64*m + 34*m = -38*m + 56. Give t(m).
1
Let t(f) be the first derivative of 3*f**2 + 12*f - 524. Calculate t(-2).
0
Let g(l) = -l**3 - 3*l**2 - 2*l + 2. Suppose 15*r = 20*r + 40. Let j(x) = -x**2 - 4*x + 2. Let p be j(r). Let y = p - -27. What is g(y)?
8
Suppose 4*n + 371 = 99. Let i be (-130)/(-8) - (-17)/n. Suppose -m - 11 + i = 0. Let c(s) = s**3 - 6*s**2 + 2*s. Give c(m).
-15
Let a(v) = 17*v + 962. Let i be a(-56). Let p(k) = -62*k + 604. Give p(i).
-16
Suppose 0 = 2*a + 3*a - 25. Suppose 4*v + 2*b + 11 - 33 = 0, 5*b + 65 = a*v. Let f = v - 11. Let p(i) = i**3 + 6*i**2 + 3*i - 4. Determine p(f).
14
Let r(x) be the second derivative of 3/2*x**2 + x - 1/12*x**4 - 14 + 7/6*x**3. Determine r(6).
9
Let s(p) = -p**3 - 19*p**2 - 20*p - 45. Suppose -169*j - 3*j = 149*j + 5778. What is s(j)?
-9
Let n(s) = 3*s**2 - s + 1. Let i(j) = -8*j**2 + 14*j - 37. Let y(p) = -i(p) - 3*n(p). Give y(-10).
44
Let r(y) = y**3 + 7*y**2 + 3*y + 23. Let t be r(-7). Let i(q) = 3*q - 11. Determine i(t).
-5
Let t(w) = 7*w**2 + 62*w + 68. Let b(v) = 3*v**2 + 22*v + 32. Let d(y) = 5*b(y) - 2*t(y). Calculate d(6).
-24
Suppose 27*r - 40*r = 0. Let w be (r + -3)*(-7)/3. Let h(m) = -m**2 + 5*m + 10. Give h(w).
-4
Let m(f) = -11*f + 3. Let r be ((-24)/(-9) - 3) + 14/6. Suppose -l = 4*l + k - 4, -r*l + 3 = -k. Let w be m(l). Let d(j) = -2*j - 12. Calculate d(w).
4
Let v(w) = -48*w - 487. Let s be v(-10). Let n(d) = 6*d + 29. Give n(s).
-13
Suppose 5*r - 918 = -33*r - 16*r. Let x(j) = j**3 - 17*j**2 - 4*j - 14. Give x(r).
-82
Suppose 69*h + 48*h = -1287. Let n(i) = -i - 11. Calculate n(h).
0
Suppose -1413 = 20*v - 1353. Suppose 2*j = j + r - 1, 4*j + 2*r = 26. Let o(g) = -7*g + 6*g + j*g**2 + 1 - 5*g**2 + 0. Calculate o(v).
-5
Suppose -25*v = -20*v + 12 - 2. Let y(d) = 26*d + 46. Determine y(v).
-6
Let y(d) = -44*d - 6. Let h(z) = -2*z**2 + 251*z + 1035. Let l be h(-4). Determine y(l).
38
Let o(g) = -7*g**3 - 8*g**2 - 8*g. Suppose 30*z + 132 = 18*z. Let n(k) = -19*k**3 - 23*k**2 - 22*k - 1. Let u(w) = z*o(w) + 4*n(w). Give u(4).
-4
Let w(m) be the second derivative of -12*m + 0 - 4*m**2 - 1/4*m**4 - 1/60*m**5 + m**3. Let x(k) be the first derivative of w(k). Determine x(-6).
6
Let p(z) be the second derivative of -5*z**4/4 - 5*z**3/6 - 2*z**2 + 3240*z. Determine p(-1).
-14
Let w(m) = -m**2 + 19. Let k be w(4). Let l(q) = 7*q - 2*q + 0*q - 4*q + k. Suppose 3*o + 15 = -3*n, -o - 20 = 4*n - 3*o. What is l(n)?
-2
Suppose w = -1, -4*a + 7*w = 2*w - 13. Let r(b) = 10 - 2 - 5 - 3 + a + b. Calculate r(7).
9
Let a(r) = -77 - 61 - 45 - 40*r + 3*r**2 - 2*r**2 + 58. Calculate a(43).
4
Let m(c) = -139*c + 142. Let p(z) = -756*z + 708. Let n(i) = -11*m(i) + 2*p(i). What is n(8)?
-10
Let j(q) = 97*q**2 - q**3 - 95*q**2 + 3 + 2*q**3 - 2*q. Let d be j(0). Let v(w) = -2*w - 45*w**d - 4 - 9*w**2 + 46*w**3 + 2*w. Give v(9).
-4
Let f(b) = b**3 + 8*b**2 - 11. Let v be -5 + 6/9*(-996)/(-4). Let k be (-7)/(147/v) + 1/(-3). Determine f(k).
-11
Let n = 385 - 1096. Let m = n - -706. Let x(a) = -a. Calculate x(m).
5
Let x be 0/(4/(-4))*1. Suppose x = 3*f - f. Suppose -7*v = 7 - f. Let u(m) = m**3 - m**2 - m - 1. Calculate u(v).
-2
Let v(y) = 2*y**2 - 12. Let b be v(-3). Let a(h) = -b - h + 6 - 2 - 2. Calculate a(0).
-4
Let v(b) = 6*b**2 - 7 - 4*b - 88 + 90. Let z(d) = d**2 - 3. Let w be z(-3). Let q(c) = 7*c**2 - 5*c - 6. Let a(r) = w*v(r) - 5*q(r). What is a(-5)?
20
Let l(r) = -r**2 - 3*r + 6. Let p = -2 - -4. Suppose 0 = -p*h + 4*w - 10, -